).
2, 7
Suppose -5*s - 4*m + 250 = 0, 3*s - 2*m - m - 150 = 0. Let h = s - 26. Let k = h + -18. What are the prime factors of k?
2, 3
Let b = 5 + -21. Let a = 238 + -250. Let u = a - b. What are the prime factors of u?
2
What are the prime factors of ((-51)/12)/((-30)/9480)?
17, 79
Suppose 0 = -40*l + 41*l - 272. Let t = l - 102. List the prime factors of t.
2, 5, 17
Let j(i) = -1. Let o(n) = -85*n**2 - 3*n - 7. Let x(l) = 5*j(l) - o(l). Let k be x(-1). Suppose 6*d - k = 3*d. List the prime factors of d.
2, 7
Suppose 3*l - 2*l + 19 = 0. Let g = 73 + l. Suppose -3*q = u - 32 - 27, u + 2*q = g. List the prime factors of u.
2, 11
Let w(o) = 165*o**2 + 8*o - 7. Let m(g) = -165*g**2 - 7*g + 6. Let q(s) = -5*m(s) - 4*w(s). List the prime factors of q(1).
2, 83
Suppose -5*v + 1968 = o, 4*o = -52*v + 54*v + 7872. List the prime factors of o.
2, 3, 41
Suppose -2*o + t = -2*t - 3, -2 = 2*o + 2*t. Suppose 5*z - 4*x - 210 = x, o = -4*x + 4. What are the prime factors of z?
43
Let o(m) = 7*m**3 - 109*m**2 + 3*m + 28. What are the prime factors of o(16)?
2, 211
Let g(o) = 10*o**3 - o**2 - 3*o + 6. List the prime factors of g(2).
2, 19
List the prime factors of (-27800)/(-24) - -13 - 5/(-3).
3, 17, 23
Suppose o + 21 = 2*o. Let l = -17 + o. Suppose -3*k = -4*k, 2*m = l*k + 30. List the prime factors of m.
3, 5
List the prime factors of 6/9*(-4710)/(-2).
2, 5, 157
Suppose -2*d + 7*d = 5. Let x(n) be the second derivative of 3*n**3/2 + n**2/2 + 2*n. List the prime factors of x(d).
2, 5
Let y(m) be the first derivative of m**4/4 + 5*m**3/3 - m**2/2 - 2*m + 1. What are the prime factors of y(-4)?
2, 3
Suppose 4*l - 694 = l + 4*s, s = 3*l - 700. Suppose l = -4*g + 5*g. List the prime factors of g.
2, 3, 13
Let c(j) = j**2 + 15*j. Let u be c(-15). Suppose 0 = -2*x + 5*y + 89, u*y + 2*y = 5*x - 233. Let o = x - 27. List the prime factors of o.
2, 5
Let a(j) = -j**3 - j**2 + 14*j + 5. What are the prime factors of a(-7)?
3, 67
Let y = 3 - -2. Let b(f) = 2 + 4 - 4*f - y. List the prime factors of b(-5).
3, 7
Let l(y) = -y**3 - 6*y**2 - 10*y - 19. Let b be l(-5). Suppose 3*t - 384 = -5*i, -4*t + b*t - 281 = 5*i. List the prime factors of t.
7, 19
Suppose 5*f - j - 233 = 0, -5*f - 5*j + 4*j = -237. Let i = 80 - f. What are the prime factors of i?
3, 11
What are the prime factors of (-4946)/12*(-5 + -1)?
2473
Suppose 2*n = 696 + 1656. List the prime factors of n.
2, 3, 7
Suppose 13*k - 17*k - 4 = 0. List the prime factors of k - -12*(-11)/(-2).
5, 13
Let l = -17 + 547. What are the prime factors of l?
2, 5, 53
Suppose 5*u - 3*u = 0. Suppose u*c = -c + 106. What are the prime factors of c?
2, 53
Suppose 0 = 4*z - 5*z + 17. Let l = 17 + z. What are the prime factors of l?
2, 17
Let a(n) = -n**2 - 10*n - 12. Let w be a(-8). Let m(u) = 3*u**2 + 3*u + 5. What are the prime factors of m(w)?
5, 13
Let i = 10 + -7. Suppose 3*s + 4 + 5 = -i*v, 0 = 3*v - 5*s - 31. Suppose 3*h = v*h + 24. List the prime factors of h.
2, 3
Let g be 18/171 + 2544/19. Suppose a - g = -a. List the prime factors of a.
67
Let q = 232 - -210. List the prime factors of q.
2, 13, 17
Suppose -197 - 148 = -3*d. Suppose w - d = 160. What are the prime factors of w?
5, 11
Let q(r) = -4*r - 23. Let u be q(-7). Suppose 0 = -2*m + 2*o + 194, -u*o - 16 = -1. What are the prime factors of m?
2, 47
Let d be 922/18 - 8/36. Let h be -2 + (-5)/5*21. Let u = d + h. List the prime factors of u.
2, 7
Let z = -309 + 568. What are the prime factors of z?
7, 37
Let u(n) = -525*n**3 - 2*n**2 + 2*n + 1. What are the prime factors of u(-1)?
2, 3, 29
Let z be -6 - -1 - -638*1. Suppose z = -6*h + 2139. List the prime factors of h.
251
Suppose z = -3*v + 1243, 3*v = z - 6*z + 1235. Let f = v + -241. What are the prime factors of f?
2, 3, 29
Suppose x = 2*n - n - 89, -4*n - 4*x = -324. Let z = -36 + n. List the prime factors of z.
7
Let v be (1/(-3))/((-2)/(-138)). Let l = 16 - v. List the prime factors of l.
3, 13
Suppose -10 = -3*f - 2*f. Suppose f*c = -0*c + 64. What are the prime factors of c?
2
Suppose 0 = 2*x - 4*x + 5*z - 79, 0 = 5*x + 5*z + 180. Let w = x + 56. List the prime factors of w.
19
Let u(w) = 6*w**2 + 23*w + 49. What are the prime factors of u(-19)?
2, 7, 127
Suppose -3*c = -3*t - 6009, 7*t = -2*c + 6*t + 4006. What are the prime factors of c?
2003
What are the prime factors of ((-60)/(-8))/(-4 - 51/(-12))?
2, 3, 5
Let i be -1*(1433 + (1 - 5)). What are the prime factors of i/(-9) - 10/(-45)?
3, 53
Let l = -15 + 17. Let p be (-16)/(-32) + 5/l. List the prime factors of p/(-6)*84/(-1).
2, 3, 7
Let l = -12 - -16. Suppose 17 = l*x - 31. Suppose -35 = -x*o + 7*o. What are the prime factors of o?
7
Suppose 3*o - 839 = -h, 3*h - 19 = -4. What are the prime factors of o?
2, 139
Suppose 5*u + 180 = j, -105 = 2*u - 2*j - 25. List the prime factors of ((-10 - -2) + 2)/(2/u).
3, 5, 7
Suppose 2*v = -6, -2*v = 3*u + u + 70. Let l = -11 - u. Suppose 5*j - 320 = -l*x, -3*x = -5*j - 6*x + 314. What are the prime factors of j?
61
Suppose 0 - 8 = -2*j - 3*r, -5*j + 5*r = 5. Suppose f - 2*f = j. List the prime factors of 26/14 + f/(-7).
2
Let i = -52 + -241. Let h = -168 - i. List the prime factors of h.
5
Let h(v) = -v**3 + 5*v**2 - 5*v - 9. Let z be h(5). Let w = -13 - z. What are the prime factors of (-167 + 2)*(-7)/w?
5, 11
What are the prime factors of 12 + -2 - 131430/(-65)?
2, 127
Let k be (-16)/(-24) + 2732/6. Suppose 0*p = 6*p - k. List the prime factors of p.
2, 19
Suppose 5 = -5*c, 2*g + 3*g + 5*c - 6160 = 0. What are the prime factors of g?
3, 137
Let z be 151 - (1 + -3 + -1). Suppose 21 = 5*j - z. List the prime factors of j.
5, 7
Let t be 2 - 2 - 4/(-2). Suppose -5*f = -5*y - 490, 4*y - 202 = -t*f - 0*y. List the prime factors of f.
3, 11
Let f(z) = -z**2 + 4*z + 3. Let s be f(9). Let b be 822/(-14) + (-6)/21. Let w = s - b. What are the prime factors of w?
17
Let l be (-1144)/(-6) + (-4)/6. Suppose 0*h - 594 = -3*c + 3*h, 0 = c - 3*h - l. List the prime factors of c.
2, 101
Let l be 6 - (-9 + 1)/(-4). Let a be l/(8/(-6)) - -1. Let y(q) = q**3 + 2*q**2 - 3*q - 3. What are the prime factors of y(a)?
3
List the prime factors of 451 + (-8 - -3)/1*1.
2, 223
Let g = -398 - -836. List the prime factors of g.
2, 3, 73
Let d be 6*(-2)/3*1. What are the prime factors of (2 + d)/(-2)*142?
2, 71
Suppose 2*k - z + 29 = 2*z, 5*z = 15. Let q be (-2)/(-4) - 695/k. Suppose q = 4*n - 6. List the prime factors of n.
19
Suppose 4*m - 1178 = -2*l, -10*l - 15 = -7*l. List the prime factors of m.
3, 11
Let o = 0 - -4. List the prime factors of (-2)/(-19) - (o - (-10759)/(-133)).
7, 11
Suppose -3*m + 2135 = -5*f + 7*f, -m + 2*f + 717 = 0. What are the prime factors of m?
23, 31
Let a = -2 + 5. Suppose -5*r + a*i + 92 = 0, 2*r - 4*i + 20 - 68 = 0. List the prime factors of (r/(-5))/((-2)/5).
2
Suppose -5*d - 147 = -157, 0 = 3*s + 5*d - 3319. What are the prime factors of s?
1103
What are the prime factors of (1818/6)/((-9)/(-6))?
2, 101
What are the prime factors of ((-3945)/(-6))/((-4)/(-8))?
5, 263
Let p = -78 - -304. What are the prime factors of p?
2, 113
Let l be (-102)/(-42) + 8/14. Suppose -3*u + 5*v + 102 = 0, l*u - 4*v - 71 = 34. What are the prime factors of u?
3, 13
Let q(f) = f**3 - 10*f**2 - f + 13. Let g be q(10). Suppose -g*r + 5*r + 16 = -3*z, 3*r = -z - 17. Let w = 9 - r. What are the prime factors of w?
2, 7
Let z(q) = -15 + 20 - 4*q - 45 - 8*q. What are the prime factors of z(-15)?
2, 5, 7
Let q(p) = -p**3 - 7*p**2 + 8*p + 3. Let y be q(-8). Let w(v) = 125*v + y + 0 - 130*v. What are the prime factors of w(-5)?
2, 7
Suppose -2*n + 1 = 5*i - 2*i, -4*n - 5*i - 1 = 0. Let x be ((-46)/n)/(2/4). Suppose -2 = -d + x. List the prime factors of d.
5
Suppose 10 = 5*w, -3*w + 2388 = 6*v - 3*v. What are the prime factors of v?
2, 397
Let a = 13 + -55. Let d = a - -45. List the prime factors of d.
3
Let t be (-2)/(-5) - 8708/70. What are the prime factors of (-6)/4 + t/(-8)?
2, 7
Suppose 208 = 6*u - 650. Let r = 264 - u. What are the prime factors of r?
11
Let b(w) = -3*w**2 + 3*w + 10. Let s be b(-6). Let h = 275 + s. List the prime factors of h.
3, 53
Suppose -136049 = 5*s - 42*s. List the prime factors of s.
3677
Let k = 25 - 21. List the prime factors of 2796/78 - k/(-26).
2, 3
Suppose 3*h = -3*y + 4383, -2*y - 3*y + 7289 = h.